0.
20
What is the highest common divisor of 616 and 56?
56
What is the greatest common divisor of 138 and 506?
46
What is the greatest common factor of 5660 and 10?
10
What is the highest common divisor of 130 and 325?
65
What is the highest common factor of 45 and 1515?
15
What is the highest common divisor of 110 and 77?
11
What is the highest common divisor of 5828 and 124?
124
Calculate the greatest common factor of 6 and 5667.
3
What is the greatest common factor of 15 and 1095?
15
What is the greatest common factor of 21440 and 20?
20
What is the greatest common divisor of 68 and 85?
17
Calculate the greatest common factor of 822 and 6.
6
Calculate the highest common factor of 55 and 253.
11
Calculate the highest common divisor of 32 and 40.
8
Calculate the greatest common divisor of 13731 and 1592.
199
What is the greatest common factor of 245 and 91?
7
Calculate the highest common divisor of 112 and 208.
16
What is the highest common divisor of 196 and 343?
49
What is the greatest common factor of 264 and 1254?
66
What is the greatest common factor of 126609 and 21?
21
What is the highest common divisor of 24 and 2004?
12
Calculate the highest common factor of 897 and 1157.
13
Calculate the highest common factor of 825 and 2550.
75
Calculate the highest common factor of 39 and 728.
13
What is the greatest common divisor of 15577 and 37?
37
Calculate the highest common divisor of 33 and 375.
3
Calculate the highest common divisor of 71 and 639.
71
Calculate the greatest common factor of 706 and 8.
2
Calculate the greatest common divisor of 9 and 39.
3
What is the highest common factor of 176 and 48?
16
Calculate the highest common factor of 2954 and 11394.
422
What is the highest common factor of 42 and 1866?
6
What is the highest common divisor of 315 and 30?
15
Calculate the greatest common factor of 212 and 44202.
106
Calculate the highest common factor of 725 and 493.
29
What is the greatest common divisor of 16 and 28?
4
Calculate the highest common divisor of 63 and 2574.
9
What is the greatest common factor of 91 and 7?
7
What is the highest common divisor of 435 and 34365?
435
Calculate the greatest common factor of 132 and 24948.
132
What is the highest common divisor of 604 and 51038?
302
What is the highest common factor of 5875 and 141?
47
What is the highest common divisor of 240 and 105?
15
What is the highest common divisor of 210 and 209160?
210
What is the highest common factor of 15697 and 22?
11
Calculate the highest common factor of 135 and 355.
5
What is the greatest common divisor of 3008 and 235?
47
Calculate the greatest common factor of 451 and 164.
41
Calculate the highest common factor of 6066 and 108.
18
What is the highest common divisor of 30 and 15?
15
What is the greatest common divisor of 910 and 280?
70
What is the highest common factor of 39 and 689?
13
What is the highest common factor of 121 and 2904?
121
Calculate the highest common divisor of 308 and 539.
77
Calculate the highest common factor of 471 and 157.
157
What is the greatest common factor of 1235 and 312?
13
Calculate the greatest common divisor of 36 and 47412.
36
What is the highest common divisor of 500 and 30?
10
What is the greatest common factor of 44 and 7788?
44
Calculate the greatest common factor of 117 and 1.
1
Calculate the highest common factor of 7170 and 120.
30
What is the greatest common factor of 459 and 189?
27
What is the highest common factor of 38 and 874?
38
Calculate the highest common factor of 140 and 32.
4
Calculate the greatest common divisor of 38 and 4066.
38
Calculate the greatest common factor of 192 and 26.
2
What is the greatest common factor of 35 and 2135?
35
Calculate the greatest common factor of 330 and 402.
6
Calculate the greatest common divisor of 351 and 52.
13
What is the greatest common factor of 12 and 1008?
12
What is the highest common factor of 130 and 120?
10
What is the highest common divisor of 186 and 35464?
62
What is the highest common factor of 490 and 18914?
98
What is the greatest common factor of 154 and 66?
22
What is the greatest common factor of 141 and 6?
3
Calculate the highest common divisor of 40 and 4100.
20
What is the highest common divisor of 620 and 20?
20
Calculate the highest common factor of 20 and 1100.
20
What is the highest common divisor of 83 and 13031?
83
Calculate the greatest common factor of 3384 and 2088.
72
Calculate the greatest common factor of 56 and 2702.
14
What is the highest common divisor of 574 and 1066?
82
What is the greatest common factor of 15 and 115?
5
Calculate the greatest common divisor of 416 and 442.
26
Calculate the highest common factor of 9936 and 240.
48
What is the highest common factor of 6 and 6?
6
What is the highest common factor of 365 and 219?
73
Calculate the greatest common divisor of 3038 and 14.
14
What is the greatest common factor of 430 and 150?
10
Calculate the highest common factor of 1058 and 92.
46
What is the greatest common factor of 182 and 130?
26
Calculate the highest common divisor of 13459 and 43.
43
What is the highest common divisor of 4545 and 45?
45
Calculate the greatest common divisor of 2358 and 198.
18
Calculate the highest common divisor of 60 and 750.
30
What is the greatest common factor of 28 and 1162?
14
Calculate the highest common divisor of 19800 and 176.
88
Calculate the highest common factor of 2183 and 407.
37
What is the greatest common factor of 12 and 9?
3
Calculate the highest common factor of 1450 and 50.
50
What is the greatest common divisor of 3101 and 7?
7
What is the highest common factor of 112 and 56?
56
What is the highest common divisor of 2644 and 28?
4
Calculate the highest common factor of 13 and 4069.
13
What is the highest common divisor of 10125 and 300?
75
What is the greatest common divisor of 90 and 300?
30
What is the highest common divisor of 213 and 142?
71
What is the greatest common factor of 54 and 1728?
54
Calculate the highest common divisor of 3568 and 32.
16
Calculate the greatest common factor of 203 and 29.
29
What is the greatest common factor of 16275 and 217?
217
What is the highest common divisor of 1352 and 312?
104
Calculate the highest common divisor of 5792 and 32.
32
What is the highest common factor of 255 and 60?
15
What is the highest common factor of 112 and 72?
8
What is the greatest common factor of 1107 and 36?
9
What is the highest common factor of 64 and 2480?
16
What is the highest common factor of 8043 and 147?
21
What is the highest common divisor of 8 and 1816?
8
Calculate the highest common divisor of 259 and 7.
7
What is the highest common factor of 4812 and 12?
12
What is the greatest common factor of 75 and 200?
25
What is the highest common factor of 1884 and 12?
12
Calculate the greatest common factor of 7506 and 54.
54
What is the highest common factor of 13 and 559?
13
What is the highest common factor of 110 and 88?
22
Calculate the greatest common factor of 52 and 8476.
52
What is the highest common divisor of 13116 and 12?
12
Calculate the greatest common divisor of 7 and 6153.
7
Calculate the greatest common factor of 20401 and 23.
23
Calculate the highest common factor of 10385 and 134.
67
What is the highest common divisor of 128 and 536?
8
What is the highest common factor of 336 and 196?
28
What is the greatest common divisor of 468 and 3354?
78
What is the greatest common factor of 1096 and 8?
8
What is the greatest common divisor of 392 and 16366?
98
What is the highest common divisor of 4914 and 156?
78
What is the highest common divisor of 7 and 282?
1
Calculate the highest common factor of 36 and 4797.
9
What is the greatest common divisor of 10 and 895?
5
What is the greatest common factor of 8 and 1280?
8
Calculate the greatest common divisor of 43 and 3612.
43
Calculate the highest common factor of 1672 and 352.
88
What is the highest common divisor of 255 and 18?
3
Calculate the greatest common divisor of 36 and 1572.
12
Calculate the highest common divisor of 3243 and 6.
3
What is the highest common divisor of 117 and 52?
13
Calculate the greatest common divisor of 270 and 216.
54
Calculate the greatest common factor of 1376 and 430.
86
What is the highest common factor of 151 and 57229?
151
What is the